git of y?
8
Let u(h) = 34*h**3 + 36*h**2 - 99*h + 2. What is the tens digit of u(3)?
4
Suppose h = 4*s - 616 + 75, -3*s - 4*h = -401. Suppose 4*r + o - s = 0, -o + 0 = -3. What is the tens digit of r?
3
Let l(d) = -d**3 + 29*d**2 + 4*d - 21. What is the tens digit of l(29)?
9
Suppose 2*w = w + 470. What is the tens digit of w?
7
Suppose 0 = 16*i - 12*i + 12. Let y(g) = -3*g**2 - g. Let o be y(i). Let b = -3 - o. What is the units digit of b?
1
Let p(s) = 11*s**2 + 17*s - 9. What is the tens digit of p(6)?
8
Let d = 994 + -178. What is the units digit of d?
6
Let x be (-6)/6 + 5 + -1. Suppose -4*b - 5*y = -2*b - 221, -326 = -x*b - 2*y. What is the units digit of b?
8
Suppose 3*k = 2*d - 221, -2*d = 3*k - 0*d + 229. Let u = 105 + k. Suppose 8 - u = -f. What is the tens digit of f?
2
Let d be (0/4)/(2 - 1). Suppose d = 5*f + w - 285, 5*f + w = -w + 285. What is the tens digit of f?
5
Suppose 3*r - 21 = -6. Suppose r*v + 192 = 9*v. What is the units digit of v?
8
Let w(c) = -c**2 + 28*c - 68. What is the units digit of w(11)?
9
Suppose 0 = 4*m + 20, 1 = -3*g + 5*m - 1. Let w = g + 91. What is the units digit of w?
2
Suppose 2*p - t - 24 + 70 = 0, -72 = 3*p - 3*t. Let l be (-2)/4 + p/(-4). Suppose 5*y - l*h - 35 = 0, 8*y = 4*y - 5*h - 8. What is the units digit of y?
3
Suppose -f - 7 = -2*f. Suppose 1070 = 17*q - f*q. What is the units digit of q?
7
What is the hundreds digit of 2/21 - (-30360)/63?
4
Let b be (-18)/(-15)*75/6. Suppose -4*c - c + b = 0. What is the units digit of c?
3
Let d = -93 + 63. What is the tens digit of 4/5 - 6306/d?
1
Suppose 3*x = 6*x - 0*x. Suppose x = 3*h + 5*a - 42, -2*h - a = h - 54. What is the tens digit of h?
1
Suppose 11*j + 12 = -32. What is the tens digit of ((-8)/6)/(j/72)?
2
Let g(c) = -c**2 - c - 10. Let b be g(0). Let n be (1 - 5) + 14*1. What is the tens digit of 625/n*(-8)/b?
5
What is the units digit of ((-3)/(-1))/((-78)/(-16562))?
7
Suppose -3*k - q + 4404 = 0, -3*q + 4658 = 3*k + 260. What is the units digit of k?
9
Let j be -3 + 2 + 2 - -42. Suppose -44 = -3*d + j. What is the tens digit of d?
2
Let n(x) = -x**3 + 13*x**2 - 10*x + 8. Suppose 3*g - 8 = m + 24, -3 = -3*m. What is the tens digit of n(g)?
4
Suppose 0 = -4*u + 23 + 45. Let o = u - 23. Let z(b) = -b**3 - 5*b**2 + 4*b - 8. What is the units digit of z(o)?
4
Let x(p) = -20*p**3 + 2*p**2 + p - 2. Let l be (1/2)/((-1)/8*2). What is the tens digit of x(l)?
6
Let w = -195 + 92. Let t = w + 154. What is the units digit of t?
1
Let u(j) = -j**3 - 9*j**2 - 6*j - 8. Let s be u(-8). Let z(k) = k**2 + 22*k - 32. What is the tens digit of z(s)?
1
Let z(p) = 3*p**2 + 12*p + 6. Let y be z(-4). Suppose -3*k + y*s - 3*s = -459, 5*s = -4*k + 630. What is the tens digit of k?
5
Let l(b) = 784*b**2 + 2*b - 3. What is the thousands digit of l(-2)?
3
Let p = 335 - 178. Let u = p + -64. Suppose 3*d - u = -27. What is the units digit of d?
2
Let a(f) = 2*f**3 + 4*f - 1 - f**3 - 14*f**2 + 17. What is the tens digit of a(14)?
7
Suppose 0 = -3*n - 0*n. Suppose z - 5 = -2*x + 8, n = -5*z + x + 65. What is the units digit of z?
3
Suppose 3*p + p = 8. What is the hundreds digit of ((-4)/8 + p)*(-82)/(-1)?
1
Let p = 282 + -106. What is the hundreds digit of p?
1
Let k = -1247 - -3460. What is the units digit of k?
3
Suppose 5790 = 4*j + 3*o, 97*j - 92*j - o = 7228. What is the hundreds digit of j?
4
Let f = -18 + 22. Suppose f*o - j - 782 = j, 3*o = j + 588. What is the units digit of o?
7
Suppose 0 = 62*v - 67*v + 2425. What is the hundreds digit of v?
4
Suppose -9*t = -11*t + 4. Suppose -3*s + 77 = n + 2*s, 3*n + t*s - 231 = 0. What is the tens digit of n?
7
Suppose 2*q - 6*j + 5*j - 519 = 0, 1302 = 5*q - 4*j. What is the units digit of q?
8
Let f = -279 - -1034. What is the tens digit of f?
5
Let x(s) = -s**3 + 3*s**2 - s - 53. Let f be x(0). Let j = f + 90. What is the tens digit of j?
3
Let w = -211 - -977. What is the units digit of w?
6
Let n(u) = -u**3 - 11*u**2 - 19*u + 10. Suppose 40 + 0 = -4*i. What is the units digit of n(i)?
0
What is the units digit of (-2356)/(-57) + (-15)/(-9)?
3
Let c(m) = 2*m**2 - 9*m. Let v(y) = -2*y**3 + 3*y + 3. Let h be v(-2). Let p(t) = -t**2 + 14*t - 7. Let a be p(h). What is the units digit of c(a)?
8
Let j be (2/(-3))/(2/222). Let p = j + 41. Let h = p - -55. What is the tens digit of h?
2
Let q(d) = d**3 - 7*d**2 + 8*d - 4. Let x = 10 + -15. Let p = 1 - x. What is the units digit of q(p)?
8
Suppose 12*u - 9428 = 3760. What is the hundreds digit of u?
0
Let j(o) = 24 - 8*o - o**2 - 22 - 2*o - 6*o. Let w be j(-16). Suppose -256 = -w*b - 6*b. What is the tens digit of b?
3
Let i(j) = 6*j**2 + 6*j + 17. What is the units digit of i(-6)?
7
Suppose 0 = -4*o + 15*o - 4092. What is the hundreds digit of o?
3
Let q = -20 - -24. Suppose 11 = q*u - 5. Suppose -u*w = -105 - 67. What is the tens digit of w?
4
Let d = -900 - -2172. What is the thousands digit of d?
1
Suppose -g - 2*p = -463, 5*p - 475 = -7*g + 6*g. What is the tens digit of g?
5
Suppose -18*s + 7354 = 64. What is the hundreds digit of s?
4
Let w(h) = 22*h - 3. Let m(a) = 7*a - 1. Let u(l) = -5*m(l) + w(l). Let d(j) = j**3 + 2*j**2 - j + 3. Let q be d(-3). What is the tens digit of u(q)?
4
Let w(s) = 6 + 6*s - 1 - 2 - 4. Let b be w(1). Suppose 0 = 3*v + b*m - 145, 5*v + m - 219 = 30. What is the tens digit of v?
5
Let h = -1092 - -518. Let z = -274 - h. What is the tens digit of z?
0
Let i(q) = -q**2 - 6*q + 9. Let n be i(-7). Let w(c) be the second derivative of 3*c**5/10 - c**4/12 + c**3/6 + c**2/2 + c. What is the tens digit of w(n)?
4
Let q(g) = 125*g**2 + 19*g - 10. What is the hundreds digit of q(3)?
1
Let j(h) = -12*h - 26. Suppose -54 = 3*u + 4*w, 2*u + 36 = -3*w + 5*w. What is the tens digit of j(u)?
9
Let n(c) = 55*c - 190. What is the hundreds digit of n(19)?
8
Suppose 5*d - 4*p = -0*d + 10, 4*p - 2 = -d. Let f be 14/(-4 + 6/d). Let a = f + 37. What is the tens digit of a?
2
Suppose -40*r + 102380 = -94700. What is the units digit of r?
7
Suppose -4*n = -4*v - 8, -3*n - 5*v = -7*n + 10. Suppose d = 4, 0 = -4*l - n*l + 5*d + 116. What is the units digit of l?
4
Let a(s) = -5*s - 7. What is the units digit of a(-5)?
8
Let t(b) = 14*b**2 + 16*b + 72. What is the units digit of t(-6)?
0
Let n(v) = -6*v - 3. Let t be n(-2). Suppose 3*x - 3*u = -t, -u = 4*x - 6*u + 16. What is the units digit of x?
1
Let n(x) = 7*x**3 + 36*x**2 - 88*x - 89. Let c(q) = -3*q**3 - 18*q**2 + 44*q + 44. Let s(m) = -5*c(m) - 2*n(m). What is the tens digit of s(-20)?
3
Let d be 3 + 4*3/36*3. Suppose 4*o + 5*w - 191 = 0, -2*o - 2*w + d*w + 118 = 0. What is the tens digit of o?
5
Suppose -1085*v = -1090*v + 1090. What is the hundreds digit of v?
2
Suppose -5*h = -3*q - 15580, 0*q - 9344 = -3*h + q. What is the units digit of h?
3
What is the hundreds digit of (-7)/7*(-528 + -2)?
5
Suppose -4*i - 5*x = -12 - 11, 3*x = 9. Suppose i*y = 99 - 31. What is the units digit of y?
4
Let o = 1101 - -679. What is the tens digit of o?
8
Let w(c) = c**3 - 4*c**2 - 5*c + 3. Let p be w(5). Suppose -3 + 12 = p*r. Suppose r*v - 5*v - k = -7, 0 = 3*k + 3. What is the units digit of v?
4
Suppose 0 = 3*z - 5*k, -5*z = 2*k + k - 34. Let g = 7 - z. Suppose -66 = -5*s + g*s. What is the units digit of s?
2
Let q be 10/(-10) - (-108)/(-2). Let u = 93 + q. What is the tens digit of u?
3
Suppose -5049 + 126 = -9*y. What is the units digit of y?
7
Suppose 5*v = -g + 48 + 14, -5*g + 4*v + 281 = 0. What is the units digit of g?
7
Suppose -2668 = -4*f - 88. What is the hundreds digit of f?
6
Suppose -2552 = -4*w - 5*y + 1052, -y - 4505 = -5*w. What is the hundreds digit of w?
9
Let j = 8 + -25. Let o(i) = -6*i + 55. What is the hundreds digit of o(j)?
1
Suppose -9*y - 82 = -9055. What is the hundreds digit of y?
9
Suppose -8*x + 7*x + 6 = 0. Suppose d = 4*g - x, 22 = 5*d - g - 24. What is the tens digit of d?
1
Let t = -6754 - -10241. What is the hundreds digit of t?
4
Suppose 0*n = -3*n + 4*i - 97, -4*i + 16 = 0. Let k = 30 + n. Suppose 0 = 4*m - k*m - 11. What is the units digit of m?
1
What is the thousands digit of (-2078)/((2/(-7))/((-12)/(-84)))?
1
Let t(l) = 2*l**3 - 2*l**2 - 2*l + 1. Let n be t(2). Suppose 0 = -4*x - 5*d - 223, x - 7 = n*d - 44. Let o = -27 - x. What is the units digit of o?
5
Let f = 12 - 13. Wha